{"id":1275,"date":"2024-04-05T11:27:10","date_gmt":"2024-04-05T09:27:10","guid":{"rendered":"https:\/\/www.ateliermep.com\/ateliermep\/home-italiano\/"},"modified":"2026-04-09T11:33:02","modified_gmt":"2026-04-09T09:33:02","slug":"home-italiano","status":"publish","type":"page","link":"https:\/\/www.ateliermep.com\/ateliermep\/it\/home-italiano\/","title":{"rendered":"HOME &#8211; Italiano"},"content":{"rendered":"\t\t<div data-elementor-type=\"wp-page\" data-elementor-id=\"1275\" class=\"elementor elementor-1275\" data-elementor-post-type=\"page\">\n\t\t\t\t\t\t<section class=\"elementor-section elementor-top-section elementor-element elementor-element-0e6c1f5 elementor-section-full_width elementor-section-height-min-height elementor-section-content-middle elementor-section-stretched elementor-section-height-default elementor-section-items-middle\" data-id=\"0e6c1f5\" data-element_type=\"section\" data-settings=\"{&quot;stretch_section&quot;:&quot;section-stretched&quot;}\">\n\t\t\t\t\t\t<div class=\"elementor-container elementor-column-gap-no\">\n\t\t\t\t\t<div class=\"elementor-column elementor-col-100 elementor-top-column elementor-element elementor-element-dc20bf6\" data-id=\"dc20bf6\" data-element_type=\"column\">\n\t\t\t<div class=\"elementor-widget-wrap elementor-element-populated\">\n\t\t\t\t\t\t<div class=\"elementor-element elementor-element-fbc7ec5 elementor-fixed elementor--h-position-left elementor--v-position-bottom elementor-pagination-position-inside elementor-invisible elementor-widget elementor-widget-slides\" data-id=\"fbc7ec5\" data-element_type=\"widget\" data-settings=\"{&quot;navigation&quot;:&quot;dots&quot;,&quot;transition&quot;:&quot;fade&quot;,&quot;_position&quot;:&quot;fixed&quot;,&quot;_animation&quot;:&quot;fadeIn&quot;,&quot;autoplay&quot;:&quot;yes&quot;,&quot;pause_on_interaction&quot;:&quot;yes&quot;,&quot;autoplay_speed&quot;:5000,&quot;infinite&quot;:&quot;yes&quot;,&quot;transition_speed&quot;:500}\" data-widget_type=\"slides.default\">\n\t\t\t\t<div class=\"elementor-widget-container\">\n\t\t\t\t\t\t\t\t\t<div class=\"elementor-swiper\">\n\t\t\t\t\t<div class=\"elementor-slides-wrapper elementor-main-swiper swiper\" role=\"region\" aria-roledescription=\"carousel\" aria-label=\"Diapositives\" dir=\"ltr\" data-animation=\"\">\n\t\t\t\t<div class=\"swiper-wrapper elementor-slides\">\n\t\t\t\t\t\t\t\t\t\t<div class=\"elementor-repeater-item-6ed0421 swiper-slide\" role=\"group\" aria-roledescription=\"slide\"><div class=\"swiper-slide-bg\"><\/div><div class=\"swiper-slide-inner\" ><div class=\"swiper-slide-contents\"><div class=\"elementor-slide-heading\">MLR<\/div><div class=\"elementor-slide-description\">Polizia Municipale<\/div><\/div><\/div><\/div><div class=\"elementor-repeater-item-b554c9c swiper-slide\" role=\"group\" aria-roledescription=\"slide\"><div class=\"swiper-slide-bg\" role=\"img\" aria-label=\"CMV_HP_1\"><\/div><div class=\"swiper-slide-inner\" ><div class=\"swiper-slide-contents\"><div class=\"elementor-slide-heading\">CMV<\/div><div class=\"elementor-slide-description\">Ristrutturazione di un appartement<\/div><\/div><\/div><\/div><div class=\"elementor-repeater-item-4119ffc swiper-slide\" role=\"group\" aria-roledescription=\"slide\"><div class=\"swiper-slide-bg\" role=\"img\" aria-label=\"Palazzo del cinema di Locarno\"><\/div><div class=\"swiper-slide-inner\" ><div class=\"swiper-slide-contents\"><div class=\"elementor-slide-heading\">PCL<\/div><div class=\"elementor-slide-description\">Palazzo del cinema di Locarno<\/div><\/div><\/div><\/div><div class=\"elementor-repeater-item-0199bf2 swiper-slide\" role=\"group\" aria-roledescription=\"slide\"><div class=\"swiper-slide-bg\" role=\"img\" aria-label=\"CE2_HP\"><\/div><div class=\"swiper-slide-inner\" ><div class=\"swiper-slide-contents\"><div class=\"elementor-slide-heading\">CE2<\/div><div class=\"elementor-slide-description\">Extension d'un groupe scolaire<\/div><\/div><\/div><\/div><div class=\"elementor-repeater-item-f294ef0 swiper-slide\" role=\"group\" aria-roledescription=\"slide\"><div class=\"swiper-slide-bg\" role=\"img\" aria-label=\"QEB_HP\"><\/div><div class=\"swiper-slide-inner\" ><div class=\"swiper-slide-contents\"><div class=\"elementor-slide-heading\">QEB<\/div><div class=\"elementor-slide-description\">Extension d'une maison<\/div><\/div><\/div><\/div><div class=\"elementor-repeater-item-f484bc9 swiper-slide\" role=\"group\" aria-roledescription=\"slide\"><div class=\"swiper-slide-bg\" role=\"img\" aria-label=\"GsC_HP\"><\/div><div class=\"swiper-slide-inner\" ><div class=\"swiper-slide-contents\"><div class=\"elementor-slide-heading\">COU<\/div><div class=\"elementor-slide-description\">Construction d'un groupe scolaire<\/div><\/div><\/div><\/div><div class=\"elementor-repeater-item-ca57b0a swiper-slide\" role=\"group\" aria-roledescription=\"slide\"><div class=\"swiper-slide-bg\" role=\"img\" aria-label=\"CHA_HP_01_HP_1\"><\/div><div class=\"swiper-slide-inner\" ><div class=\"swiper-slide-contents\"><div class=\"elementor-slide-heading\">CHA<\/div><div class=\"elementor-slide-description\">R\u00e9novation d'un appartement<\/div><\/div><\/div><\/div><div class=\"elementor-repeater-item-620cb9a swiper-slide\" role=\"group\" aria-roledescription=\"slide\"><div class=\"swiper-slide-bg\" role=\"img\" aria-label=\"BA3_HP\"><\/div><div class=\"swiper-slide-inner\" ><div class=\"swiper-slide-contents\"><div class=\"elementor-slide-heading\">BS3<\/div><div class=\"elementor-slide-description\">Boutique de chaussures<\/div><\/div><\/div><\/div><div class=\"elementor-repeater-item-776d20f swiper-slide\" role=\"group\" aria-roledescription=\"slide\"><div class=\"swiper-slide-bg\" role=\"img\" aria-label=\"ISD_HP_2\"><\/div><div class=\"swiper-slide-inner\" ><div class=\"swiper-slide-contents\"><div class=\"elementor-slide-heading\">ISD<\/div><div class=\"elementor-slide-description\">Construction d'une centrale de mobilit\u00e9<\/div><\/div><\/div><\/div><div class=\"elementor-repeater-item-83db3e9 swiper-slide\" role=\"group\" aria-roledescription=\"slide\"><div class=\"swiper-slide-bg\" role=\"img\" aria-label=\"QEB_HP_4\"><\/div><div class=\"swiper-slide-inner\" ><div class=\"swiper-slide-contents\"><div class=\"elementor-slide-heading\">QEB<\/div><div class=\"elementor-slide-description\">Extension d'une maison<\/div><\/div><\/div><\/div><div class=\"elementor-repeater-item-fd04908 swiper-slide\" role=\"group\" aria-roledescription=\"slide\"><div class=\"swiper-slide-bg\" role=\"img\" aria-label=\"BS2_HP_1\"><\/div><div class=\"swiper-slide-inner\" ><div class=\"swiper-slide-contents\"><div class=\"elementor-slide-heading\">BS2<\/div><div class=\"elementor-slide-description\">Boutique de chaussure<\/div><\/div><\/div><\/div><div class=\"elementor-repeater-item-ee3711e swiper-slide\" role=\"group\" aria-roledescription=\"slide\"><div class=\"swiper-slide-bg\" role=\"img\" aria-label=\"CON_HP_2\"><\/div><div class=\"swiper-slide-inner\" ><div class=\"swiper-slide-contents\"><div class=\"elementor-slide-heading\">CON<\/div><div class=\"elementor-slide-description\">R\u00e9novation d'un appartement<\/div><\/div><\/div><\/div><div class=\"elementor-repeater-item-0232e4c swiper-slide\" role=\"group\" aria-roledescription=\"slide\"><div class=\"swiper-slide-bg\" role=\"img\" aria-label=\"HAL_HP_1\"><\/div><div class=\"swiper-slide-inner\" ><div class=\"swiper-slide-contents\"><div class=\"elementor-slide-heading\">HAL<\/div><div class=\"elementor-slide-description\">R\u00e9novation d'un appartement<\/div><\/div><\/div><\/div>\t\t\t\t<\/div>\n\t\t\t\t\t\t\t\t\t\t\t\t\t\t\t\t\t\t\t\t<div class=\"swiper-pagination\"><\/div>\n\t\t\t\t\t\t\t\t\t\t\t\t<\/div>\n\t\t\t\t<\/div>\n\t\t\t\t\t\t\t\t<\/div>\n\t\t\t\t<\/div>\n\t\t\t\t\t<\/div>\n\t\t<\/div>\n\t\t\t\t\t<\/div>\n\t\t<\/section>\n\t\t\t\t<\/div>\n\t\t","protected":false},"excerpt":{"rendered":"<p>MLRPolizia MunicipaleCMVRistrutturazione di un appartementPCLPalazzo del cinema di LocarnoCE2Extension d&rsquo;un groupe scolaireQEBExtension d&rsquo;une maisonCOUConstruction d&rsquo;un groupe scolaireCHAR\u00e9novation d&rsquo;un appartementBS3Boutique de chaussuresISDConstruction d&rsquo;une centrale de mobilit\u00e9QEBExtension d&rsquo;une maisonBS2Boutique de chaussureCONR\u00e9novation d&rsquo;un appartementHALR\u00e9novation d&rsquo;un appartement<\/p>\n","protected":false},"author":1,"featured_media":0,"parent":0,"menu_order":0,"comment_status":"closed","ping_status":"closed","template":"","meta":{"footnotes":""},"class_list":["post-1275","page","type-page","status-publish","hentry"],"yoast_head":"<!-- This site is optimized with the Yoast SEO plugin v26.4 - https:\/\/yoast.com\/wordpress\/plugins\/seo\/ -->\n<title>HOME - Italiano - Atelier MEP<\/title>\n<meta name=\"robots\" content=\"index, follow, max-snippet:-1, max-image-preview:large, max-video-preview:-1\" \/>\n<link rel=\"canonical\" href=\"https:\/\/www.ateliermep.com\/ateliermep\/it\/home-italiano\/\" \/>\n<meta property=\"og:locale\" content=\"fr_FR\" \/>\n<meta property=\"og:type\" content=\"article\" \/>\n<meta property=\"og:title\" content=\"HOME - Italiano - Atelier MEP\" \/>\n<meta property=\"og:description\" content=\"MLRPolizia MunicipaleCMVRistrutturazione di un appartementPCLPalazzo del cinema di LocarnoCE2Extension d&rsquo;un groupe scolaireQEBExtension d&rsquo;une maisonCOUConstruction d&rsquo;un groupe scolaireCHAR\u00e9novation d&rsquo;un appartementBS3Boutique de chaussuresISDConstruction d&rsquo;une centrale de mobilit\u00e9QEBExtension d&rsquo;une maisonBS2Boutique de chaussureCONR\u00e9novation d&rsquo;un appartementHALR\u00e9novation d&rsquo;un appartement\" \/>\n<meta property=\"og:url\" content=\"https:\/\/www.ateliermep.com\/ateliermep\/it\/home-italiano\/\" \/>\n<meta property=\"og:site_name\" content=\"Atelier MEP\" \/>\n<meta property=\"article:publisher\" content=\"https:\/\/www.facebook.com\/AtelierMep\" \/>\n<meta property=\"article:modified_time\" content=\"2026-04-09T09:33:02+00:00\" \/>\n<meta name=\"twitter:card\" content=\"summary_large_image\" \/>\n<meta name=\"twitter:label1\" content=\"Dur\u00e9e de lecture estim\u00e9e\" \/>\n\t<meta name=\"twitter:data1\" content=\"1 minute\" \/>\n<script type=\"application\/ld+json\" class=\"yoast-schema-graph\">{\"@context\":\"https:\/\/schema.org\",\"@graph\":[{\"@type\":\"WebPage\",\"@id\":\"https:\/\/www.ateliermep.com\/ateliermep\/it\/home-italiano\/\",\"url\":\"https:\/\/www.ateliermep.com\/ateliermep\/it\/home-italiano\/\",\"name\":\"HOME - Italiano - Atelier MEP\",\"isPartOf\":{\"@id\":\"https:\/\/www.ateliermep.com\/ateliermep\/#website\"},\"datePublished\":\"2024-04-05T09:27:10+00:00\",\"dateModified\":\"2026-04-09T09:33:02+00:00\",\"breadcrumb\":{\"@id\":\"https:\/\/www.ateliermep.com\/ateliermep\/it\/home-italiano\/#breadcrumb\"},\"inLanguage\":\"fr-FR\",\"potentialAction\":[{\"@type\":\"ReadAction\",\"target\":[\"https:\/\/www.ateliermep.com\/ateliermep\/it\/home-italiano\/\"]}]},{\"@type\":\"BreadcrumbList\",\"@id\":\"https:\/\/www.ateliermep.com\/ateliermep\/it\/home-italiano\/#breadcrumb\",\"itemListElement\":[{\"@type\":\"ListItem\",\"position\":1,\"name\":\"Accueil\",\"item\":\"https:\/\/www.ateliermep.com\/ateliermep\/it\/home-italiano\/\"},{\"@type\":\"ListItem\",\"position\":2,\"name\":\"HOME &#8211; Italiano\"}]},{\"@type\":\"WebSite\",\"@id\":\"https:\/\/www.ateliermep.com\/ateliermep\/#website\",\"url\":\"https:\/\/www.ateliermep.com\/ateliermep\/\",\"name\":\"Atelier MEP\",\"description\":\"agence d&#039;architecture\",\"publisher\":{\"@id\":\"https:\/\/www.ateliermep.com\/ateliermep\/#organization\"},\"potentialAction\":[{\"@type\":\"SearchAction\",\"target\":{\"@type\":\"EntryPoint\",\"urlTemplate\":\"https:\/\/www.ateliermep.com\/ateliermep\/?s={search_term_string}\"},\"query-input\":{\"@type\":\"PropertyValueSpecification\",\"valueRequired\":true,\"valueName\":\"search_term_string\"}}],\"inLanguage\":\"fr-FR\"},{\"@type\":\"Organization\",\"@id\":\"https:\/\/www.ateliermep.com\/ateliermep\/#organization\",\"name\":\"Agence d'architecture\",\"url\":\"https:\/\/www.ateliermep.com\/ateliermep\/\",\"logo\":{\"@type\":\"ImageObject\",\"inLanguage\":\"fr-FR\",\"@id\":\"https:\/\/www.ateliermep.com\/ateliermep\/#\/schema\/logo\/image\/\",\"url\":\"https:\/\/www.ateliermep.com\/ateliermep\/wp-content\/uploads\/2024\/03\/Logo-Home-header-2.png\",\"contentUrl\":\"https:\/\/www.ateliermep.com\/ateliermep\/wp-content\/uploads\/2024\/03\/Logo-Home-header-2.png\",\"width\":350,\"height\":141,\"caption\":\"Agence d'architecture\"},\"image\":{\"@id\":\"https:\/\/www.ateliermep.com\/ateliermep\/#\/schema\/logo\/image\/\"},\"sameAs\":[\"https:\/\/www.facebook.com\/AtelierMep\",\"https:\/\/www.instagram.com\/atelier_mep\/\"]}]}<\/script>\n<!-- \/ Yoast SEO plugin. -->","yoast_head_json":{"title":"HOME - Italiano - Atelier MEP","robots":{"index":"index","follow":"follow","max-snippet":"max-snippet:-1","max-image-preview":"max-image-preview:large","max-video-preview":"max-video-preview:-1"},"canonical":"https:\/\/www.ateliermep.com\/ateliermep\/it\/home-italiano\/","og_locale":"fr_FR","og_type":"article","og_title":"HOME - Italiano - Atelier MEP","og_description":"MLRPolizia MunicipaleCMVRistrutturazione di un appartementPCLPalazzo del cinema di LocarnoCE2Extension d&rsquo;un groupe scolaireQEBExtension d&rsquo;une maisonCOUConstruction d&rsquo;un groupe scolaireCHAR\u00e9novation d&rsquo;un appartementBS3Boutique de chaussuresISDConstruction d&rsquo;une centrale de mobilit\u00e9QEBExtension d&rsquo;une maisonBS2Boutique de chaussureCONR\u00e9novation d&rsquo;un appartementHALR\u00e9novation d&rsquo;un appartement","og_url":"https:\/\/www.ateliermep.com\/ateliermep\/it\/home-italiano\/","og_site_name":"Atelier MEP","article_publisher":"https:\/\/www.facebook.com\/AtelierMep","article_modified_time":"2026-04-09T09:33:02+00:00","twitter_card":"summary_large_image","twitter_misc":{"Dur\u00e9e de lecture estim\u00e9e":"1 minute"},"schema":{"@context":"https:\/\/schema.org","@graph":[{"@type":"WebPage","@id":"https:\/\/www.ateliermep.com\/ateliermep\/it\/home-italiano\/","url":"https:\/\/www.ateliermep.com\/ateliermep\/it\/home-italiano\/","name":"HOME - Italiano - Atelier MEP","isPartOf":{"@id":"https:\/\/www.ateliermep.com\/ateliermep\/#website"},"datePublished":"2024-04-05T09:27:10+00:00","dateModified":"2026-04-09T09:33:02+00:00","breadcrumb":{"@id":"https:\/\/www.ateliermep.com\/ateliermep\/it\/home-italiano\/#breadcrumb"},"inLanguage":"fr-FR","potentialAction":[{"@type":"ReadAction","target":["https:\/\/www.ateliermep.com\/ateliermep\/it\/home-italiano\/"]}]},{"@type":"BreadcrumbList","@id":"https:\/\/www.ateliermep.com\/ateliermep\/it\/home-italiano\/#breadcrumb","itemListElement":[{"@type":"ListItem","position":1,"name":"Accueil","item":"https:\/\/www.ateliermep.com\/ateliermep\/it\/home-italiano\/"},{"@type":"ListItem","position":2,"name":"HOME &#8211; Italiano"}]},{"@type":"WebSite","@id":"https:\/\/www.ateliermep.com\/ateliermep\/#website","url":"https:\/\/www.ateliermep.com\/ateliermep\/","name":"Atelier MEP","description":"agence d&#039;architecture","publisher":{"@id":"https:\/\/www.ateliermep.com\/ateliermep\/#organization"},"potentialAction":[{"@type":"SearchAction","target":{"@type":"EntryPoint","urlTemplate":"https:\/\/www.ateliermep.com\/ateliermep\/?s={search_term_string}"},"query-input":{"@type":"PropertyValueSpecification","valueRequired":true,"valueName":"search_term_string"}}],"inLanguage":"fr-FR"},{"@type":"Organization","@id":"https:\/\/www.ateliermep.com\/ateliermep\/#organization","name":"Agence d'architecture","url":"https:\/\/www.ateliermep.com\/ateliermep\/","logo":{"@type":"ImageObject","inLanguage":"fr-FR","@id":"https:\/\/www.ateliermep.com\/ateliermep\/#\/schema\/logo\/image\/","url":"https:\/\/www.ateliermep.com\/ateliermep\/wp-content\/uploads\/2024\/03\/Logo-Home-header-2.png","contentUrl":"https:\/\/www.ateliermep.com\/ateliermep\/wp-content\/uploads\/2024\/03\/Logo-Home-header-2.png","width":350,"height":141,"caption":"Agence d'architecture"},"image":{"@id":"https:\/\/www.ateliermep.com\/ateliermep\/#\/schema\/logo\/image\/"},"sameAs":["https:\/\/www.facebook.com\/AtelierMep","https:\/\/www.instagram.com\/atelier_mep\/"]}]}},"_links":{"self":[{"href":"https:\/\/www.ateliermep.com\/ateliermep\/wp-json\/wp\/v2\/pages\/1275","targetHints":{"allow":["GET"]}}],"collection":[{"href":"https:\/\/www.ateliermep.com\/ateliermep\/wp-json\/wp\/v2\/pages"}],"about":[{"href":"https:\/\/www.ateliermep.com\/ateliermep\/wp-json\/wp\/v2\/types\/page"}],"author":[{"embeddable":true,"href":"https:\/\/www.ateliermep.com\/ateliermep\/wp-json\/wp\/v2\/users\/1"}],"replies":[{"embeddable":true,"href":"https:\/\/www.ateliermep.com\/ateliermep\/wp-json\/wp\/v2\/comments?post=1275"}],"version-history":[{"count":31,"href":"https:\/\/www.ateliermep.com\/ateliermep\/wp-json\/wp\/v2\/pages\/1275\/revisions"}],"predecessor-version":[{"id":3170,"href":"https:\/\/www.ateliermep.com\/ateliermep\/wp-json\/wp\/v2\/pages\/1275\/revisions\/3170"}],"wp:attachment":[{"href":"https:\/\/www.ateliermep.com\/ateliermep\/wp-json\/wp\/v2\/media?parent=1275"}],"curies":[{"name":"wp","href":"https:\/\/api.w.org\/{rel}","templated":true}]}}